t is the units digit of a?
9
Let z(h) = 23*h**2 - 6 - 47*h**2 - 34 - 18*h + 23*h**2. Let o be z(-19). Let q = 133 + o. What is the tens digit of q?
7
Suppose -9*l - 1897 = -2*l. Let c = 1510 + l. What is the thousands digit of c?
1
Let i = 42 - -182. Let l = i + -190. What is the tens digit of l?
3
Let u = -68676 - -104391. What is the thousands digit of u?
5
Suppose -4*b + 27999 = 411*t - 406*t, -t + 34983 = 5*b. What is the thousands digit of b?
6
Let v(c) = -1530*c + 578. What is the thousands digit of v(-10)?
5
Let k(z) = 1393*z + 283. What is the thousands digit of k(4)?
5
Suppose 0 = 3*h - 4*h - 4*x + 674, 5*x + 2039 = 3*h. Let i = h - 465. What is the hundreds digit of i?
2
Let a be (-9)/36 - (-6181)/4. Suppose a + 666 = 3*t - 3*u, -u - 2213 = -3*t. What is the units digit of t?
8
Suppose -2426*p + 2425*p - z + 22774 = 0, -3*p + 4*z + 68308 = 0. What is the units digit of p?
2
Suppose -2*m - 39808 = -4*i, 16*i + m + 29854 = 19*i. What is the thousands digit of i?
9
Let l(o) be the second derivative of -1/20*o**5 - 1/2*o**3 + 5/12*o**4 + 3*o**2 + 6*o + 0. What is the units digit of l(4)?
0
Let i be (1 + 1351)/(9/36*8). What is the tens digit of (i/6)/((-38)/(-228))?
7
Suppose 6*h - 153 = 183. What is the tens digit of 1*-1 - (h + -330)?
7
What is the tens digit of 2*(-1)/10*-27805?
6
Let d(f) = -f**2 + 5*f - 4. Let a be d(5). Let w be (a/(-8) - -1)*(1 - -1). Suppose -w*y = 5*q - 307, 3*y = -y + 3*q + 361. What is the units digit of y?
4
Suppose 0 = c + 5, -o - 14*c = -18*c - 26. What is the units digit of 113 + (12 - o) + -4?
5
Let k(y) = 0*y + 368 - 3*y**3 + 0*y - 367. Let u be k(-1). Suppose u*f - 4 = 0, 3*t + 3*f + 872 = 8*t. What is the units digit of t?
5
Suppose 3*z = 530 - 533. Let l(h) = -14*h - 12*h - 2 + 7. What is the units digit of l(z)?
1
What is the tens digit of (657/(-6))/(((-12)/4330)/(48/60))?
0
Let d = -57 - -50. What is the thousands digit of -8 - (4 + -1038 + d)?
1
Suppose -4907306 = -205*x + 54*x + 3441484. What is the tens digit of x?
9
Suppose 0 = -5*x - 7 + 7. Suppose x = -3*z + 18 - 15. Suppose f - z = 1, 3*c - 245 = -f. What is the tens digit of c?
8
Suppose 0 = 9*q + 2684 + 106. Let w = 163 - q. What is the hundreds digit of w?
4
Let b = 7059 - 3365. What is the units digit of b?
4
What is the ten thousands digit of 87548/8 - (15/(-2))/(-5)?
1
Let g = -4704 + 6863. What is the tens digit of g?
5
Suppose 7 + 10 = 5*f + 4*a, -f = 3*a + 1. Suppose -520 = -5*n + f*l, -73 + 377 = 3*n - l. What is the units digit of n?
0
Suppose -4*i - 202 + 70 = 0. Let f be 1*i*-5 - -1. Let x = -118 + f. What is the tens digit of x?
4
Let b = -57 + 60. Suppose 3*c - b*v = 4*c, 100 = 5*c - 5*v. Suppose -c = -i + 148. What is the units digit of i?
3
Suppose 400*f - 354*f = 205620. What is the thousands digit of f?
4
Suppose -3*h = v - 4, -v + 2*v + 11 = 2*h. Suppose -h*z - 426 = 4*k - 1237, 2*k = -4. What is the hundreds digit of z?
2
Let l(m) = -9*m - m**3 + 15 + 10*m - 14. Let v(h) = -3*h**3 - 3*h**2 + 4*h - 3. Let t(w) = 4*l(w) - v(w). What is the tens digit of t(-3)?
6
Let g be ((-3)/(-3) - 1)/(-1). What is the tens digit of (452 - (g + -2)) + (6 - 4)?
5
Let n(k) = -k**2 + 8*k - 15. Let c be n(5). Suppose -5*a + 191 = 3*x, 5*x - 2*a - 2*a - 269 = c. Let z = -22 + x. What is the units digit of z?
5
What is the hundreds digit of 292030/42 + 1870/210 + -9?
9
Suppose -18*r + 4758 = -54858. What is the units digit of r?
2
Let l = -28057 - -90528. What is the hundreds digit of l?
4
Suppose 201*m - 204*m + 12268 = -5*j, m + 5*j - 4096 = 0. What is the hundreds digit of m?
0
Let t(q) = 23*q**2 - 43*q - 2272. What is the units digit of t(43)?
6
Let s be (-6 + (-88)/(-12))*-3. What is the tens digit of (-3)/(9/s)*1431/6?
1
Let b(u) = -u**2 + 7*u - 9. Let k be b(6). Let l(a) = -4*a - 58. Let y be l(-29). Let z = y + k. What is the units digit of z?
5
Suppose 9*b = 3*b + 36. Let j be (9/b)/(39/52). Suppose 157 = 2*d - 7*o + 10*o, o = j*d - 145. What is the tens digit of d?
7
Let r(n) = -8 + 93*n**3 + 7*n**2 + 24 - 92*n**3 - 5*n + n**2. Let b be r(-7). Let p = b + 116. What is the units digit of p?
6
Suppose -33936 = 102*n - 110*n. What is the units digit of n?
2
What is the thousands digit of ((-152304)/1169)/(1038/(-518) + 2)?
3
Suppose -7170 = 26*y - 36*y. Suppose -q + 445 = -s, 4*q - y = 3*s + 1058. What is the tens digit of q?
4
Let n(k) = -k**2 + k + 1. Let i(z) = 3*z**2 + 10*z + 2. Let y(p) = -i(p) - 2*n(p). Let f be y(-12). What is the tens digit of (f + 0)*(-1 + -21)?
8
Suppose 3*a - 5*d - 7744 = -1527, 0 = -5*a - 2*d + 10372. What is the tens digit of a?
7
Suppose -12579 - 2751 = -4*l + 5*f, 5*f + 7650 = 2*l. What is the thousands digit of l?
3
Suppose 2995927 + 4435116 = 107*d. What is the ten thousands digit of d?
6
Let k be (-66)/(-6) - (-1 - 0). Suppose k*y - 7837 = -5*y. What is the tens digit of y?
6
Let q = 63284 + -41251. What is the hundreds digit of q?
0
Let x = 14 + -3. Let k(f) = -15*f + 5 - f**2 + 3*f - x*f + 38*f. What is the tens digit of k(13)?
3
Suppose -76800 = -4*n + 2*w, 29646 + 8778 = 2*n + 5*w. What is the thousands digit of n?
9
Suppose -2027*g = -2019*g - 8432. What is the hundreds digit of g?
0
Let l be (10 + -1)*8/((-56)/21). Let c be (-58)/(-8) + l/(-36). Suppose c*j + 9 - 17 = 0. What is the units digit of j?
1
Suppose 4*o = 2*m - 3*m + 18082, -o = m - 4519. Suppose -2*t = 9*t - o. What is the tens digit of t?
1
Suppose 3*d + 3 - 4 = -5*l, 4*d - 3*l = 11. Suppose 0 = -6*q - 2*q + 1192. Suppose d*n - q - 73 = 0. What is the units digit of n?
1
Let u = 6 - 1. Let r be (4 - (-14)/(-3)) + 2/3. Suppose u*m - m + 5*c - 108 = r, c = 4. What is the units digit of m?
2
Suppose 7*b = 3*b + 88. Suppose 3*g - b = -2*i, 20 = -i + 5*i. Suppose -2*c + 2*h + 172 = 0, 0 = 5*h - g + 9. What is the tens digit of c?
8
Suppose -78222 = -4*u - 4*b + 70298, -8*u + 4*b = -297112. What is the thousands digit of u?
7
Let x = -708 - -874. Suppose -2*u - 6*t + x = -t, 158 = 2*u + 3*t. What is the units digit of u?
3
Suppose 272*t = 265*t + 98. What is the units digit of (96/(-112))/((-2)/t)?
6
Suppose 5*z - z - 468 = -4*d, -5*z - 4*d + 581 = 0. Let c = z - 110. Suppose -x + c*w = -174, 2*w + w = -3*x + 570. What is the tens digit of x?
8
Let b(i) = -i**2 - 36*i + 207. Let j be b(5). Suppose 2*m - 2*u = 2516, -j*m + 6*m - 3*u = 5028. What is the tens digit of m?
5
Let x = 854 + 7640. What is the hundreds digit of x?
4
Let h(k) = k + 16. Let c be (-4)/(-6) + 6/(-9) + 2. Suppose -c*f = -2*w - 3*w + 12, -5*f = -20. What is the tens digit of h(w)?
2
Let f(t) = 646*t**2 + 0 - 2 + 6465*t - 6459*t. What is the units digit of f(1)?
0
Let p(d) = -d**3 - 51*d**2 + 84*d - 22. What is the tens digit of p(-55)?
5
Suppose 5*f - 4*h = -2*h + 25, -25 = 5*h. Let b(i) = 58*i**f - i + 4 - 3 + 3*i**3. What is the units digit of b(1)?
1
Suppose -5*r - 12*w + 16*w + 346862 = 0, 4*r - 277432 = -4*w. What is the thousands digit of r?
9
Let u be 6*(3 - -2)/(-10) + -452. Let t = -66 - u. What is the hundreds digit of t?
3
Suppose 5*b = 118 + 297. Suppose -1800 = -b*k + 79*k. Suppose 0 = 18*y - 8*y - k. What is the units digit of y?
5
Suppose 31*n - 78513 = 39597. What is the tens digit of n?
1
What is the units digit of (80569/23 - 20) + 8*1?
1
Let n = 107 - 106. What is the units digit of 0 - -697 - (1 - n)*1?
7
What is the tens digit of ((-12)/(-84) - 220150/(-49)) + -4?
8
Suppose 22*z + 1065 = 7*z. Let n = 437 - z. What is the tens digit of n?
0
What is the tens digit of ((-670)/(-8) + -3)/(53/9752)?
5
Suppose 4*i - 66 = -10. Let n(f) = 3*f**3 - 19*f**2 - 46*f - 2*f**3 + 29*f + 23*f - 18 + 5*f**2. What is the units digit of n(i)?
6
What is the hundreds digit of (18 - -13561)/(-4 - -4 - -1)?
5
Let r = 144 - 139. Let z be (-3)/r - 22615/(-25). What is the tens digit of z/6 + 10/30?
5
Let o = 906 + -490. Suppose a = -2*v - 1, -27*v = -26*v + 5*a + 23. Suppose -v*q = -5*c - 3*q + o, 5*c - 2*q = 428. What is the tens digit of c?
8
Let u be 2 + -1 - (1 - 2). Suppose -5*d = -6*d + u. Suppose 0 = 2*k - r - 202, 4*k - k + d*r = 296. What is the tens digit of k?
0
What is the ten thousands digit of (-161508)/4*((-40)/(-15) - 3)?
1
Let j = -40 + -470. Let t be (j/4)/(1/2). Let a = -180 - t. What is the tens digit of a?
7
Let j = 504 - 501. Suppose -j*k - 4 = 5, 